{"id":1427,"date":"2018-08-09T16:17:29","date_gmt":"2018-08-09T14:17:29","guid":{"rendered":"http:\/\/schuetzen-urbach.de\/wordpress\/?page_id=1427"},"modified":"2025-03-26T08:23:04","modified_gmt":"2025-03-26T07:23:04","slug":"bezirksmeisterschaft","status":"publish","type":"page","link":"http:\/\/schuetzen-urbach.de\/wordpress\/bezirksmeisterschaft\/","title":{"rendered":"Bezirksmeisterschaft"},"content":{"rendered":"\n<p class=\"wp-block-paragraph\">Am Anfang des Jahres findet im Bezirksverband Porz die Bezirksmeisterschaft statt. Die Ergebnisse der letzten Meisterschaft findest du hier:<\/p>\n\n\n<div class=\"ead-preview\"><div class=\"ead-document\" style=\"position: relative;padding-top: 90%\"><div class=\"ead-iframe-wrapper\"><iframe src=\"\/\/docs.google.com\/viewer?url=http%3A%2F%2Fschuetzen-urbach.de%2Fwordpress%2Fwp-content%2Fuploads%2F2025%2F03%2FErgebnisheft-offiziell-1.pdf&amp;embedded=true&amp;hl=en\" title=\"Eingebettetes Dokument\" class=\"ead-iframe\" style=\"width: 100%;height: 100%;border: none;position: absolute;left: 0;top: 0;visibility: hidden;\"><\/iframe><\/div>\t\t\t<div class=\"ead-document-loading\" style=\"width:100%;height:100%;position:absolute;left:0;top:0;z-index:10\">\n\t\t\t\t<div class=\"ead-loading-wrap\">\n\t\t\t\t\t<div class=\"ead-loading-main\">\n\t\t\t\t\t\t<div class=\"ead-loading\">\n\t\t\t\t\t\t\t<img loading=\"lazy\" decoding=\"async\" src=\"http:\/\/schuetzen-urbach.de\/wordpress\/wp-content\/plugins\/embed-any-document\/images\/loading.svg\" width=\"55\" height=\"55\" alt=\"Loader\">\n\t\t\t\t\t\t\t<span>Wird geladen\u00a0\u2026<\/span>\n\t\t\t\t\t\t<\/div>\n\t\t\t\t\t<\/div>\n\t\t\t\t\t<div class=\"ead-loading-foot\">\n\t\t\t\t\t\t<div class=\"ead-loading-foot-title\">\n\t\t\t\t\t\t\t<img loading=\"lazy\" decoding=\"async\" src=\"http:\/\/schuetzen-urbach.de\/wordpress\/wp-content\/plugins\/embed-any-document\/images\/EAD-logo.svg\" alt=\"EAD-Logo\" width=\"36\" height=\"23\"\/>\n\t\t\t\t\t\t\t<span>Es dauert zu lange?<\/span>\n\t\t\t\t\t\t<\/div>\n\t\t\t\t\t\t<p>\n\t\t\t\t\t\t\t<div class=\"ead-document-btn ead-reload-btn\" role=\"button\">\n\t\t\t\t\t\t\t\t<img loading=\"lazy\" decoding=\"async\" src=\"http:\/\/schuetzen-urbach.de\/wordpress\/wp-content\/plugins\/embed-any-document\/images\/reload.svg\" alt=\"Neu laden\" width=\"12\" height=\"12\"\/> Dokument neu laden\t\t\t\t\t\t\t<\/div>\n\t\t\t\t\t\t\t<span>|<\/span>\n\t\t\t\t\t\t\t<a href=\"http:\/\/schuetzen-urbach.de\/wordpress\/wp-content\/uploads\/2025\/03\/Ergebnisheft-offiziell-1.pdf\" class=\"ead-document-btn\" target=\"_blank\">\n\t\t\t\t\t\t\t\t<img loading=\"lazy\" decoding=\"async\" src=\"http:\/\/schuetzen-urbach.de\/wordpress\/wp-content\/plugins\/embed-any-document\/images\/open.svg\" alt=\"\u00d6ffnen\" width=\"12\" height=\"12\"\/> In einem neuen Tab \u00f6ffnen\t\t\t\t\t\t\t<\/a>\n\t\t\t\t\t<\/div>\n\t\t\t\t<\/div>\n\t\t\t<\/div>\n\t\t<\/div><\/div>","protected":false},"excerpt":{"rendered":"<p>Am Anfang des Jahres findet im Bezirksverband Porz die Bezirksmeisterschaft statt. Die Ergebnisse der letzten Meisterschaft findest du hier:<\/p>\n<p> <a class=\"continue-reading-link\" href=\"http:\/\/schuetzen-urbach.de\/wordpress\/bezirksmeisterschaft\/\"><span>Weiterlesen<\/span><i class=\"crycon-right-dir\"><\/i><\/a> <\/p>\n","protected":false},"author":2,"featured_media":0,"parent":0,"menu_order":0,"comment_status":"closed","ping_status":"closed","template":"","meta":{"_crdt_document":"","advgb_blocks_editor_width":"","advgb_blocks_columns_visual_guide":"","footnotes":""},"class_list":["post-1427","page","type-page","status-publish","hentry"],"coauthors":[],"author_meta":{"author_link":"http:\/\/schuetzen-urbach.de\/wordpress\/author\/christoph\/","display_name":"Christoph Backhausen"},"relative_dates":{"created":"Ver\u00f6ffentlicht 8\u00a0Jahren vor","modified":"Aktualisiert 1\u00a0Jahr vor"},"absolute_dates":{"created":"Ver\u00f6ffentlicht am 9. August 2018","modified":"Aktualisiert am 26. M\u00e4rz 2025"},"absolute_dates_time":{"created":"Ver\u00f6ffentlicht am 9. August 2018 16:17","modified":"Aktualisiert am 26. M\u00e4rz 2025 8:23"},"featured_img_caption":"","featured_img":false,"series_order":"","_links":{"self":[{"href":"http:\/\/schuetzen-urbach.de\/wordpress\/wp-json\/wp\/v2\/pages\/1427","targetHints":{"allow":["GET"]}}],"collection":[{"href":"http:\/\/schuetzen-urbach.de\/wordpress\/wp-json\/wp\/v2\/pages"}],"about":[{"href":"http:\/\/schuetzen-urbach.de\/wordpress\/wp-json\/wp\/v2\/types\/page"}],"author":[{"embeddable":true,"href":"http:\/\/schuetzen-urbach.de\/wordpress\/wp-json\/wp\/v2\/users\/2"}],"replies":[{"embeddable":true,"href":"http:\/\/schuetzen-urbach.de\/wordpress\/wp-json\/wp\/v2\/comments?post=1427"}],"version-history":[{"count":13,"href":"http:\/\/schuetzen-urbach.de\/wordpress\/wp-json\/wp\/v2\/pages\/1427\/revisions"}],"predecessor-version":[{"id":2810,"href":"http:\/\/schuetzen-urbach.de\/wordpress\/wp-json\/wp\/v2\/pages\/1427\/revisions\/2810"}],"wp:attachment":[{"href":"http:\/\/schuetzen-urbach.de\/wordpress\/wp-json\/wp\/v2\/media?parent=1427"}],"curies":[{"name":"wp","href":"https:\/\/api.w.org\/{rel}","templated":true}]}}

<p class="wp-block-paragraph">Am Anfang des Jahres findet im Bezirksverband Porz die Bezirksmeisterschaft statt. Die Ergebnisse der letzten Meisterschaft findest du hier:</p>


<div class="ead-preview"><div class="ead-document" style="position: relative;padding-top: 90%"><div class="ead-iframe-wrapper"><iframe src="//docs.google.com/viewer?url=http%3A%2F%2Fschuetzen-urbach.de%2Fwordpress%2Fwp-content%2Fuploads%2F2025%2F03%2FErgebnisheft-offiziell-1.pdf&amp;embedded=true&amp;hl=en" title="Eingebettetes Dokument" class="ead-iframe" style="width: 100%;height: 100%;border: none;position: absolute;left: 0;top: 0;visibility: hidden;"></iframe></div>			<div class="ead-document-loading" style="width:100%;height:100%;position:absolute;left:0;top:0;z-index:10">
				<div class="ead-loading-wrap">
					<div class="ead-loading-main">
						<div class="ead-loading">
							<img loading="lazy" decoding="async" src="http://schuetzen-urbach.de/wordpress/wp-content/plugins/embed-any-document/images/loading.svg" width="55" height="55" alt="Loader">
							<span>Wird geladen …</span>
						</div>
					</div>
					<div class="ead-loading-foot">
						<div class="ead-loading-foot-title">
							<img loading="lazy" decoding="async" src="http://schuetzen-urbach.de/wordpress/wp-content/plugins/embed-any-document/images/EAD-logo.svg" alt="EAD-Logo" width="36" height="23"/>
							<span>Es dauert zu lange?</span>
						</div>
						<p>
							<div class="ead-document-btn ead-reload-btn" role="button">
								<img loading="lazy" decoding="async" src="http://schuetzen-urbach.de/wordpress/wp-content/plugins/embed-any-document/images/reload.svg" alt="Neu laden" width="12" height="12"/> Dokument neu laden							</div>
							<span>|</span>
							<a href="http://schuetzen-urbach.de/wordpress/wp-content/uploads/2025/03/Ergebnisheft-offiziell-1.pdf" class="ead-document-btn" target="_blank">
								<img loading="lazy" decoding="async" src="http://schuetzen-urbach.de/wordpress/wp-content/plugins/embed-any-document/images/open.svg" alt="Öffnen" width="12" height="12"/> In einem neuen Tab öffnen							</a>
					</div>
				</div>
			</div>
		</div></div>

Veröffentlicht 8 Jahren vor

Veröffentlicht am 9. August 2018

Aktualisiert am 26. März 2025

Veröffentlicht am 9. August 2018 16:17

Aktualisiert am 26. März 2025 8:23
